factor of 492604?
True
Is 637432 a multiple of 34?
True
Is 625 a factor of 1284909?
False
Is 235029 a multiple of 157?
True
Does 46 divide 541834?
True
Is 417 a factor of 13786437?
True
Is 150314 a multiple of 13?
False
Does 33 divide 259804?
False
Is 89 a factor of 457898?
False
Is 324626 a multiple of 193?
True
Does 11 divide 23892?
True
Does 14 divide 1360306?
False
Does 43 divide 510152?
True
Is 3839772 a multiple of 3?
True
Is 2072646 a multiple of 980?
False
Does 643 divide 18110738?
True
Is 13506 a multiple of 2?
True
Is 12 a factor of 1784292?
True
Is 51 a factor of 112506?
True
Is 14 a factor of 1620920?
True
Is 13 a factor of 40555324?
False
Does 162 divide 5699160?
True
Is 21 a factor of 3570?
True
Is 10 a factor of 40990?
True
Does 284 divide 13984377?
False
Is 12660258 a multiple of 10?
False
Is 15 a factor of 3834050?
False
Is 34 a factor of 232235?
False
Is 20205 a multiple of 9?
True
Is 1704401 a multiple of 4?
False
Is 171 a factor of 7353?
True
Is 891217 a multiple of 2?
False
Is 280 a factor of 164400?
False
Is 92 a factor of 24022?
False
Is 15 a factor of 2744040?
True
Is 270660 a multiple of 12?
True
Is 9 a factor of 14319?
True
Is 7169804 a multiple of 863?
True
Is 23 a factor of 244214?
True
Does 5 divide 307296?
False
Is 1034 a factor of 2215532?
False
Does 798 divide 608874?
True
Is 274358 a multiple of 7?
True
Does 441 divide 380518?
False
Does 63 divide 348709?
False
Does 32 divide 35040?
True
Is 460 a factor of 8550792?
False
Does 14 divide 7832?
False
Is 126263 a multiple of 103?
False
Does 231 divide 376992?
True
Is 28 a factor of 120287?
False
Is 691 a factor of 2478735?
False
Does 1365 divide 10859165?
False
Is 78 a factor of 25231?
False
Is 22 a factor of 120692?
True
Is 330600 a multiple of 174?
True
Is 5 a factor of 263175?
True
Does 1235 divide 389025?
True
Does 26 divide 804076?
True
Is 10 a factor of 2629950?
True
Is 255 a factor of 1363230?
True
Is 8 a factor of 750648?
True
Is 11 a factor of 1688212?
False
Is 4 a factor of 37829?
False
Does 156 divide 192395?
False
Does 65 divide 816149?
False
Is 119 a factor of 32914?
False
Is 18734 a multiple of 34?
True
Does 253 divide 277035?
True
Is 29126 a multiple of 222?
False
Is 54 a factor of 138402?
True
Is 206694 a multiple of 6?
True
Does 10 divide 56521?
False
Is 274 a factor of 7474172?
True
Does 50 divide 1430333?
False
Does 58 divide 37178?
True
Is 1177 a factor of 1496454?
False
Does 442 divide 352781?
False
Is 6106793 a multiple of 19?
False
Is 3256323 a multiple of 3?
True
Is 423 a factor of 17228443?
False
Does 217 divide 1641822?
True
Is 33 a factor of 447121?
False
Is 1823861 a multiple of 3?
False
Is 785 a factor of 1489790?
False
Is 435 a factor of 3473040?
True
Is 27 a factor of 11515?
False
Does 109 divide 442867?
True
Does 11 divide 263175?
True
Is 25 a factor of 160733?
False
Is 12 a factor of 126852?
True
Is 224560 a multiple of 280?
True
Is 82278 a multiple of 9?
True
Is 115990 a multiple of 15?
False
Does 196 divide 696584?
True
Is 459 a factor of 282056?
False
Is 5675 a multiple of 38?
False
Is 125 a factor of 29626250?
True
Is 49771 a multiple of 128?
False
Is 860024 a multiple of 88?
True
Is 5 a factor of 2056505?
True
Is 41 a factor of 6414204?
True
Is 5364824 a multiple of 67?
True
Is 13 a factor of 1012047?
False
Does 14 divide 826546?
True
Is 131100 a multiple of 38?
True
Is 17 a factor of 622101?
False
Is 14 a factor of 213904?
False
Is 5 a factor of 642552?
False
Is 2395190 a multiple of 10?
True
Is 1766626 a multiple of 74?
False
Does 112 divide 3629304?
False
Is 196202 a multiple of 16?
False
Is 25 a factor of 194876?
False
Does 20 divide 605880?
True
Is 60 a factor of 117961?
False
Does 105 divide 537560?
False
Does 49 divide 1220132?
False
Is 588520 a multiple of 39?
False
Does 142 divide 6168505?
False
Is 247065 a multiple of 181?
True
Does 576 divide 361259?
False
Is 486 a factor of 5981673?
False
Is 117920 a multiple of 110?
True
Does 7 divide 14580?
False
Is 469 a factor of 380828?
True
Does 200 divide 2022816?
False
Does 175 divide 169115?
False
Is 1179065 a multiple of 57?
False
Is 278805 a multiple of 6?
False
Does 16 divide 5327008?
True
Is 13 a factor of 2913265?
False
Does 26 divide 216996?
True
Is 135 a factor of 35370?
True
Does 51 divide 140899?
False
Is 1031436 a multiple of 36?
True
Does 72 divide 745848?
True
Does 8 divide 1337192?
True
Does 7 divide 1111611?
False
Does 129 divide 15881964?
True
Does 19 divide 20099?
False
Is 43 a factor of 69187?
True
Is 620 a factor of 1804262?
False
Is 435 a factor of 2566500?
True
Is 161 a factor of 590709?
True
Is 780 a multiple of 20?
True
Is 301 a factor of 131475?
False
Is 31938 a multiple of 3?
True
Is 32 a factor of 4102363?
False
Does 35 divide 25865?
True
Is 92120 a multiple of 270?
False
Does 22 divide 8700?
False
Does 21 divide 518868?
True
Is 8 a factor of 510751?
False
Is 808542 a multiple of 138?
True
Does 30 divide 93495?
False
Is 6 a factor of 56778?
True
Does 19 divide 211964?
True
Is 108 a factor of 3057861?
False
Does 16 divide 10310496?
True
Is 251866 a multiple of 120?
False
Is 101664 a multiple of 72?
True
Does 93 divide 166793?
False
Does 134 divide 6681508?
True
Does 106 divide 756840?
True
Is 137100 a multiple of 20?
True
Does 69 divide 401442?
True
Is 1296051 a multiple of 182?
False
Does 133 divide 764701?
False
Is 80 a factor of 5506480?
True
Is 762690 a multiple of 30?
True
Does 84 divide 25426?
False
Is 2558334 a multiple of 2?
True
Does 4 divide 9133?
False
Does 5 divide 1521267?
False
Does 31 divide 11780?
True
Is 2186576 a multiple of 654?
False
Does 47 divide 198209?
False
Is 156 a factor of 3461952?
True
Does 40 divide 225840?
True
Is 67527 a multiple of 41?
True
Is 768 a multiple of 48?
True
Is 5 a factor of 411064?
False
Is 5199726 a multiple of 29?
False
Does 10 divide 934147?
False
Does 6 divide 103722?
True
Is 5 a factor of 156543?
False
Is 33 a factor of 2864400?
True
Is 134 a factor of 5901628?
True
Does 150 divide 22591500?
True
Is 55284 a multiple of 102?
True
Does 635 divide 3916680?
True
Is 494957 a multiple of 47?
True
Is 2015904 a multiple of 96?
True
Is 3184231 a multiple of 706?
False
Does 277 divide 1178081?
True
Is 80989 a multiple of 134?
False
Is 31616 a multiple of 128?
True
Is 2084 a factor of 9171684?
True
Does 24 divide 16041768?
True
Does 624 divide 2384304?
True
Is 19344 a multiple of 26?
True
Is 162342 a multiple of 86?
False
Is 898905 a multiple of 235?
False
Is 315990 a multiple of 25?
False
Does 26 divide 1271783?
False
Does 81 divide 3347487?
True
Does 23 divide 27602?
False
Is 538580 a multiple of 173?
False
Is 161717 a multiple of 202?
False
Does 13 divide 1853730?
False
Is 145975 a multiple of 147?
False
Is 22092 a multiple of 42?
True
Is 223 a factor of 1437681?
True
Does 3 divide 1168410?
True
Is 25480 a multiple of 65?
True
Is 34 a factor of 350642?
True
Does 19 divide 691602?
False
Is 21 a factor of 307048?
False
Is 1250452 a multiple of 109?
False
Is 2406850 a multiple of 37?
True
Is 8 a factor of 10823?
False
Is 126 a factor of 34424?
False
Is 77 a factor of 147917?
True
Is 10 a factor of 114170?
True
Is 151 a factor of 496894?
False
Is 24 a factor of 81696?
True
Does 331 divide 380405?
False
Is 2 a factor of 728461?
False
Is 2 a factor of 103435?
False
Is 5230080 a multiple of 1135?
True
Does 32 divide 21695851?
False
Is 6 a factor of 661656?
True
Does 269 divide 2150062?
False
Does 914 divide 226672?
True
Is 63 a factor of 832923?
True
Does 9 divide 52237?
False
Is 12479821 a multiple of 14?
False
Does 30 divide 671629?
False
Is 60858 a multiple of 69?
True
Does 10 divide 113967?
False
Does 10 divide 143590?
True
Is 34 a factor of 1350056?
False
Does 257 divide 605235?
True
Is 25 a factor of 497326?
False
Is 19881432 a multiple of 36?
True
Is 467103 a multiple of 7?
True
Is 2433028 a multiple of 26?
True
Does 65 divide 105850?
False
Is 2 a factor of 170802?
True
Is 8 a factor of 13913?
False
Is 75 a factor of 5061750?
True
Is 294744 a multiple of 65?
False
Does 10 divide 209654?
False
Is 1583516 a multiple of 374?
True
Is 13026805 a multiple of 55?
True
Does 82 divide 3637192?
True
Is 25348923 a multiple of 1341?
True
Does 450 divide 840600?
True
Is 40612 a multiple of 71?
True
Is 1415152 a mult